{"id":86,"date":"2024-05-13T23:11:44","date_gmt":"2024-05-14T02:11:44","guid":{"rendered":"https:\/\/desenvolverd.com.br\/telbe\/?page_id=86"},"modified":"2024-06-25T22:38:20","modified_gmt":"2024-06-26T01:38:20","slug":"fale-conosco","status":"publish","type":"page","link":"https:\/\/desenvolverd.com.br\/telbe\/fale-conosco\/","title":{"rendered":"Fale Conosco"},"content":{"rendered":"\t\t<div data-elementor-type=\"wp-page\" data-elementor-id=\"86\" class=\"elementor elementor-86\" data-elementor-post-type=\"page\">\n\t\t\t\t<div data-particle_enable=\"false\" data-particle-mobile-disabled=\"false\" class=\"has_ae_slider elementor-element elementor-element-2c1dfde e-con-full e-flex ae-bg-gallery-type-default e-con e-parent\" data-id=\"2c1dfde\" data-element_type=\"container\" data-settings=\"{&quot;background_background&quot;:&quot;classic&quot;}\">\n\t\t<div data-particle_enable=\"false\" data-particle-mobile-disabled=\"false\" class=\"has_ae_slider elementor-element elementor-element-9c50f15 e-flex e-con-boxed ae-bg-gallery-type-default e-con e-child\" data-id=\"9c50f15\" data-element_type=\"container\">\n\t\t\t\t\t<div class=\"e-con-inner\">\n\t\t\t\t<div class=\"elementor-element elementor-element-208a456 elementor-widget elementor-widget-heading\" data-id=\"208a456\" data-element_type=\"widget\" data-widget_type=\"heading.default\">\n\t\t\t\t<div class=\"elementor-widget-container\">\n\t\t\t<style>\/*! elementor - v3.21.0 - 08-05-2024 *\/\n.elementor-heading-title{padding:0;margin:0;line-height:1}.elementor-widget-heading .elementor-heading-title[class*=elementor-size-]>a{color:inherit;font-size:inherit;line-height:inherit}.elementor-widget-heading .elementor-heading-title.elementor-size-small{font-size:15px}.elementor-widget-heading .elementor-heading-title.elementor-size-medium{font-size:19px}.elementor-widget-heading .elementor-heading-title.elementor-size-large{font-size:29px}.elementor-widget-heading .elementor-heading-title.elementor-size-xl{font-size:39px}.elementor-widget-heading .elementor-heading-title.elementor-size-xxl{font-size:59px}<\/style><h2 class=\"elementor-heading-title elementor-size-default\">Fale\nConosco<\/h2>\t\t<\/div>\n\t\t\t\t<\/div>\n\t\t\t\t<div class=\"elementor-element elementor-element-1338532 elementor-widget elementor-widget-heading\" data-id=\"1338532\" data-element_type=\"widget\" data-widget_type=\"heading.default\">\n\t\t\t\t<div class=\"elementor-widget-container\">\n\t\t\t<h2 class=\"elementor-heading-title elementor-size-default\">Preencha o formul\u00e1rio a seguir para enviar uma mensagem para nossa equipe.<\/h2>\t\t<\/div>\n\t\t\t\t<\/div>\n\t\t\t\t\t<\/div>\n\t\t\t\t<\/div>\n\t\t<div data-particle_enable=\"false\" data-particle-mobile-disabled=\"false\" class=\"has_ae_slider elementor-element elementor-element-f56f8d2 e-flex e-con-boxed ae-bg-gallery-type-default e-con e-child\" data-id=\"f56f8d2\" data-element_type=\"container\">\n\t\t\t\t\t<div class=\"e-con-inner\">\n\t\t\t\t<div class=\"elementor-element elementor-element-d614604 elementor-widget elementor-widget-image\" data-id=\"d614604\" data-element_type=\"widget\" data-widget_type=\"image.default\">\n\t\t\t\t<div class=\"elementor-widget-container\">\n\t\t\t<style>\/*! elementor - v3.21.0 - 08-05-2024 *\/\n.elementor-widget-image{text-align:center}.elementor-widget-image a{display:inline-block}.elementor-widget-image a img[src$=\".svg\"]{width:48px}.elementor-widget-image img{vertical-align:middle;display:inline-block}<\/style>\t\t\t\t\t\t\t\t\t\t<img fetchpriority=\"high\" decoding=\"async\" width=\"1024\" height=\"683\" src=\"https:\/\/desenvolverd.com.br\/telbe\/wp-content\/uploads\/2024\/06\/smiling-customer-service-operator-with-headset-talking-with-customer-while-working-call-center-2-1024x683.jpg\" class=\"attachment-large size-large wp-image-590\" alt=\"\" srcset=\"https:\/\/desenvolverd.com.br\/telbe\/wp-content\/uploads\/2024\/06\/smiling-customer-service-operator-with-headset-talking-with-customer-while-working-call-center-2-1024x683.jpg 1024w, https:\/\/desenvolverd.com.br\/telbe\/wp-content\/uploads\/2024\/06\/smiling-customer-service-operator-with-headset-talking-with-customer-while-working-call-center-2-300x200.jpg 300w, https:\/\/desenvolverd.com.br\/telbe\/wp-content\/uploads\/2024\/06\/smiling-customer-service-operator-with-headset-talking-with-customer-while-working-call-center-2-768x512.jpg 768w, https:\/\/desenvolverd.com.br\/telbe\/wp-content\/uploads\/2024\/06\/smiling-customer-service-operator-with-headset-talking-with-customer-while-working-call-center-2-1536x1024.jpg 1536w, https:\/\/desenvolverd.com.br\/telbe\/wp-content\/uploads\/2024\/06\/smiling-customer-service-operator-with-headset-talking-with-customer-while-working-call-center-2-2048x1365.jpg 2048w, https:\/\/desenvolverd.com.br\/telbe\/wp-content\/uploads\/2024\/06\/smiling-customer-service-operator-with-headset-talking-with-customer-while-working-call-center-2-930x620.jpg 930w\" sizes=\"(max-width: 1024px) 100vw, 1024px\" \/>\t\t\t\t\t\t\t\t\t\t\t\t\t<\/div>\n\t\t\t\t<\/div>\n\t\t\t\t\t<\/div>\n\t\t\t\t<\/div>\n\t\t\t\t<\/div>\n\t\t<div data-particle_enable=\"false\" data-particle-mobile-disabled=\"false\" class=\"has_ae_slider elementor-element elementor-element-c927e22 e-flex e-con-boxed ae-bg-gallery-type-default e-con e-parent\" data-id=\"c927e22\" data-element_type=\"container\">\n\t\t\t\t\t<div class=\"e-con-inner\">\n\t\t\t\t<div class=\"elementor-element elementor-element-68e0f40 elementor-widget elementor-widget-spacer\" data-id=\"68e0f40\" data-element_type=\"widget\" data-widget_type=\"spacer.default\">\n\t\t\t\t<div class=\"elementor-widget-container\">\n\t\t\t<style>\/*! elementor - v3.21.0 - 08-05-2024 *\/\n.elementor-column .elementor-spacer-inner{height:var(--spacer-size)}.e-con{--container-widget-width:100%}.e-con-inner>.elementor-widget-spacer,.e-con>.elementor-widget-spacer{width:var(--container-widget-width,var(--spacer-size));--align-self:var(--container-widget-align-self,initial);--flex-shrink:0}.e-con-inner>.elementor-widget-spacer>.elementor-widget-container,.e-con>.elementor-widget-spacer>.elementor-widget-container{height:100%;width:100%}.e-con-inner>.elementor-widget-spacer>.elementor-widget-container>.elementor-spacer,.e-con>.elementor-widget-spacer>.elementor-widget-container>.elementor-spacer{height:100%}.e-con-inner>.elementor-widget-spacer>.elementor-widget-container>.elementor-spacer>.elementor-spacer-inner,.e-con>.elementor-widget-spacer>.elementor-widget-container>.elementor-spacer>.elementor-spacer-inner{height:var(--container-widget-height,var(--spacer-size))}.e-con-inner>.elementor-widget-spacer.elementor-widget-empty,.e-con>.elementor-widget-spacer.elementor-widget-empty{position:relative;min-height:22px;min-width:22px}.e-con-inner>.elementor-widget-spacer.elementor-widget-empty .elementor-widget-empty-icon,.e-con>.elementor-widget-spacer.elementor-widget-empty .elementor-widget-empty-icon{position:absolute;top:0;bottom:0;left:0;right:0;margin:auto;padding:0;width:22px;height:22px}<\/style>\t\t<div class=\"elementor-spacer\">\n\t\t\t<div class=\"elementor-spacer-inner\"><\/div>\n\t\t<\/div>\n\t\t\t\t<\/div>\n\t\t\t\t<\/div>\n\t\t\t\t\t<\/div>\n\t\t\t\t<\/div>\n\t\t<div data-particle_enable=\"false\" data-particle-mobile-disabled=\"false\" class=\"has_ae_slider elementor-element elementor-element-7c98f5b e-flex e-con-boxed ae-bg-gallery-type-default e-con e-parent\" data-id=\"7c98f5b\" data-element_type=\"container\">\n\t\t\t\t\t<div class=\"e-con-inner\">\n\t\t<div data-particle_enable=\"false\" data-particle-mobile-disabled=\"false\" class=\"has_ae_slider elementor-element elementor-element-f003ddd e-flex e-con-boxed ae-bg-gallery-type-default e-con e-child\" data-id=\"f003ddd\" data-element_type=\"container\">\n\t\t\t\t\t<div class=\"e-con-inner\">\n\t\t\t\t<div class=\"elementor-element elementor-element-f320b98 elementor-widget elementor-widget-text-editor\" data-id=\"f320b98\" data-element_type=\"widget\" data-widget_type=\"text-editor.default\">\n\t\t\t\t<div class=\"elementor-widget-container\">\n\t\t\t<style>\/*! elementor - v3.21.0 - 08-05-2024 *\/\n.elementor-widget-text-editor.elementor-drop-cap-view-stacked .elementor-drop-cap{background-color:#69727d;color:#fff}.elementor-widget-text-editor.elementor-drop-cap-view-framed .elementor-drop-cap{color:#69727d;border:3px solid;background-color:transparent}.elementor-widget-text-editor:not(.elementor-drop-cap-view-default) .elementor-drop-cap{margin-top:8px}.elementor-widget-text-editor:not(.elementor-drop-cap-view-default) .elementor-drop-cap-letter{width:1em;height:1em}.elementor-widget-text-editor .elementor-drop-cap{float:left;text-align:center;line-height:1;font-size:50px}.elementor-widget-text-editor .elementor-drop-cap-letter{display:inline-block}<\/style>\t\t\t\t<p><strong>Endere\u00e7o<\/strong><br \/>R. Dr. Eraldo Aur\u00e9lio Franzese, 62 &#8211; 2\u00ba andar &#8211; Jardim Paiquere, Valinhos &#8211; SP, 13271-608<\/p>\t\t\t\t\t\t<\/div>\n\t\t\t\t<\/div>\n\t\t\t\t<div class=\"elementor-element elementor-element-9d31a67 elementor-widget elementor-widget-text-editor\" data-id=\"9d31a67\" data-element_type=\"widget\" data-widget_type=\"text-editor.default\">\n\t\t\t\t<div class=\"elementor-widget-container\">\n\t\t\t\t\t\t\t<p><strong>Vendas:<\/strong> 0800 941 9718<br \/><strong>Whatsapp Vendas:<\/strong> (19) 92003 2993<\/p><p><strong>Suporte:<\/strong> 0800 941 9717<br \/><strong>Whatsapp Suporte:<\/strong> (19) 92003 2350<\/p><p><strong>Email<\/strong><br \/>contato@telbe.com.br<\/p><p><strong>Hor\u00e1rio de Funcionamento:<\/strong><br \/>Atendimento de Seg a Seg 24h por dia<\/p>\t\t\t\t\t\t<\/div>\n\t\t\t\t<\/div>\n\t\t\t\t\t<\/div>\n\t\t\t\t<\/div>\n\t\t<div data-particle_enable=\"false\" data-particle-mobile-disabled=\"false\" class=\"has_ae_slider elementor-element elementor-element-a9f39d9 e-flex e-con-boxed ae-bg-gallery-type-default e-con e-child\" data-id=\"a9f39d9\" data-element_type=\"container\">\n\t\t\t\t\t<div class=\"e-con-inner\">\n\t\t\t\t<div class=\"elementor-element elementor-element-5eb81b9 elementor-widget elementor-widget-html\" data-id=\"5eb81b9\" data-element_type=\"widget\" data-widget_type=\"html.default\">\n\t\t\t\t<div class=\"elementor-widget-container\">\n\t\t\t<!-- Formul\u00e1rio -->\n<form action=\"https:\/\/paginas.rocks\/capture\" method=\"post\" >\n  <input id=\"id\" name=\"id\" type=\"hidden\" value=\"736337\" \/>\n  <input id=\"mid\" name=\"mid\" type=\"hidden\" value=\"736337\" \/>\n  <input id=\"pid\" name=\"pid\" type=\"hidden\" value=\"21832496\" \/>\n  <input id=\"list_id\" name=\"list_id\" type=\"hidden\" value=\"736337\" \/>\n  <input id=\"provider\" name=\"provider\" type=\"hidden\" value=\"leadlovers\" \/>\n  <label for=\"name\">Nome:<\/label>\n  <input class=\"form-control form-ll\" id=\"name\" name=\"name\" placeholder=\"Informe o seu nome\" type=\"text\"  \/>\n  <label for=\"email\">E-mail:<\/label>\n  <input class=\"form-control form-ll\" id=\"email\" name=\"email\" placeholder=\"Informe o seu email\" type=\"text\" \/>\n  <label for=\"phone\">Telefone:<\/label>\n  <input data-maskWithDDI=\"true\" type=\"hidden\" \/>\n  <input class=\"form-control form-ll\" id=\"phone\" name=\"phone\" placeholder=\"Informe o telefone\" type=\"text\" \/>\n  <label for=\"message\">Mensagem:<\/label>\n  <textarea class=\"form-control form-ll\" id=\"message\" name=\"message\" placeholder=\"Digite uma mensagem ou pergunta\" maxlength=\"500\" style=\"height: 80px; resize: none;\"><\/textarea>\n  <button class=\"btn btn-danger\" style=\"padding: 10px 40px; margin:15px 0 5px;  \" type=\"submit\">Enviar<\/button>\n  <input type=\"hidden\" id=\"source\" name=\"source\" value=\"\" \/>\n  <img decoding=\"async\" src=\"https:\/\/llimages.com\/redirect\/redirect.aspx?A=V&p=21832496&m=736337\" style=\"display: none;\" \/>\n<\/form>\t\t<\/div>\n\t\t\t\t<\/div>\n\t\t\t\t\t<\/div>\n\t\t\t\t<\/div>\n\t\t\t\t\t<\/div>\n\t\t\t\t<\/div>\n\t\t\t\t<\/div>\n\t\t","protected":false},"excerpt":{"rendered":"<p>Fale Conosco Preencha o formul\u00e1rio a seguir para enviar uma mensagem para nossa equipe. Endere\u00e7oR. Dr. Eraldo Aur\u00e9lio Franzese, 62 &#8211; 2\u00ba andar &#8211; Jardim Paiquere, Valinhos &#8211; SP, 13271-608 Vendas: 0800 941 9718Whatsapp Vendas: (19) 92003 2993 Suporte: 0800 941 9717Whatsapp Suporte: (19) 92003 2350 Emailcontato@telbe.com.br Hor\u00e1rio de Funcionamento:Atendimento de Seg a Seg 24h&hellip;&nbsp;<a href=\"https:\/\/desenvolverd.com.br\/telbe\/fale-conosco\/\" class=\"\" rel=\"bookmark\">Continue a ler &raquo;<span class=\"screen-reader-text\">Fale Conosco<\/span><\/a><\/p>\n","protected":false},"author":1,"featured_media":0,"parent":0,"menu_order":0,"comment_status":"closed","ping_status":"closed","template":"page-templates\/template-pagebuilder-full-width.php","meta":{"neve_meta_sidebar":"","neve_meta_container":"","neve_meta_enable_content_width":"","neve_meta_content_width":0,"neve_meta_title_alignment":"","neve_meta_author_avatar":"","neve_post_elements_order":"","neve_meta_disable_header":"","neve_meta_disable_footer":"","neve_meta_disable_title":"","footnotes":""},"class_list":["post-86","page","type-page","status-publish","hentry"],"_links":{"self":[{"href":"https:\/\/desenvolverd.com.br\/telbe\/wp-json\/wp\/v2\/pages\/86","targetHints":{"allow":["GET"]}}],"collection":[{"href":"https:\/\/desenvolverd.com.br\/telbe\/wp-json\/wp\/v2\/pages"}],"about":[{"href":"https:\/\/desenvolverd.com.br\/telbe\/wp-json\/wp\/v2\/types\/page"}],"author":[{"embeddable":true,"href":"https:\/\/desenvolverd.com.br\/telbe\/wp-json\/wp\/v2\/users\/1"}],"replies":[{"embeddable":true,"href":"https:\/\/desenvolverd.com.br\/telbe\/wp-json\/wp\/v2\/comments?post=86"}],"version-history":[{"count":28,"href":"https:\/\/desenvolverd.com.br\/telbe\/wp-json\/wp\/v2\/pages\/86\/revisions"}],"predecessor-version":[{"id":758,"href":"https:\/\/desenvolverd.com.br\/telbe\/wp-json\/wp\/v2\/pages\/86\/revisions\/758"}],"wp:attachment":[{"href":"https:\/\/desenvolverd.com.br\/telbe\/wp-json\/wp\/v2\/media?parent=86"}],"curies":[{"name":"wp","href":"https:\/\/api.w.org\/{rel}","templated":true}]}}